.
7, 31, 79
What are the prime factors of 96263?
96263
What are the prime factors of 6503?
7, 929
What are the prime factors of 1889?
1889
List the prime factors of 14604.
2, 3, 1217
What are the prime factors of 258?
2, 3, 43
List the prime factors of 65767.
13, 5059
List the prime factors of 17764.
2, 4441
What are the prime factors of 4232?
2, 23
List the prime factors of 975.
3, 5, 13
What are the prime factors of 18875?
5, 151
List the prime factors of 1287.
3, 11, 13
List the prime factors of 21886.
2, 31, 353
What are the prime factors of 27?
3
List the prime factors of 6598.
2, 3299
What are the prime factors of 18349?
59, 311
What are the prime factors of 4358?
2, 2179
What are the prime factors of 838?
2, 419
What are the prime factors of 13850?
2, 5, 277
What are the prime factors of 23381?
103, 227
What are the prime factors of 1405?
5, 281
What are the prime factors of 1693?
1693
What are the prime factors of 14429?
47, 307
List the prime factors of 94889.
94889
What are the prime factors of 4669?
7, 23, 29
List the prime factors of 3236.
2, 809
List the prime factors of 27626.
2, 19, 727
List the prime factors of 10759.
7, 29, 53
List the prime factors of 93895.
5, 89, 211
List the prime factors of 12676.
2, 3169
What are the prime factors of 30986?
2, 15493
List the prime factors of 4784.
2, 13, 23
What are the prime factors of 178868?
2, 97, 461
What are the prime factors of 120003?
3, 13, 17, 181
What are the prime factors of 14794?
2, 13, 569
List the prime factors of 3666.
2, 3, 13, 47
What are the prime factors of 55345?
5, 11069
What are the prime factors of 1552?
2, 97
List the prime factors of 4129.
4129
What are the prime factors of 1652?
2, 7, 59
What are the prime factors of 5190?
2, 3, 5, 173
List the prime factors of 43659.
3, 7, 11
List the prime factors of 18769.
137
What are the prime factors of 9429?
3, 7, 449
What are the prime factors of 30734?
2, 11, 127
What are the prime factors of 87890?
2, 5, 11, 17, 47
List the prime factors of 944.
2, 59
List the prime factors of 263.
263
List the prime factors of 17980.
2, 5, 29, 31
List the prime factors of 3620.
2, 5, 181
What are the prime factors of 19227?
3, 13, 17, 29
What are the prime factors of 932?
2, 233
List the prime factors of 25878.
2, 3, 19, 227
What are the prime factors of 9400?
2, 5, 47
List the prime factors of 13966.
2, 6983
What are the prime factors of 1220?
2, 5, 61
List the prime factors of 1377.
3, 17
What are the prime factors of 2020?
2, 5, 101
List the prime factors of 17291.
17291
List the prime factors of 79968.
2, 3, 7, 17
List the prime factors of 64300.
2, 5, 643
What are the prime factors of 836?
2, 11, 19
List the prime factors of 1770.
2, 3, 5, 59
List the prime factors of 7426.
2, 47, 79
List the prime factors of 6160.
2, 5, 7, 11
What are the prime factors of 767?
13, 59
List the prime factors of 635.
5, 127
What are the prime factors of 1316?
2, 7, 47
What are the prime factors of 7909?
11, 719
What are the prime factors of 2932?
2, 733
List the prime factors of 6229.
6229
What are the prime factors of 27612?
2, 3, 13, 59
List the prime factors of 28288.
2, 13, 17
What are the prime factors of 4059?
3, 11, 41
What are the prime factors of 67815?
3, 5, 11, 137
List the prime factors of 19878.
2, 3, 3313
What are the prime factors of 27986?
2, 7, 1999
List the prime factors of 1094.
2, 547
List the prime factors of 4971.
3, 1657
List the prime factors of 2663.
2663
List the prime factors of 2212.
2, 7, 79
List the prime factors of 12210.
2, 3, 5, 11, 37
What are the prime factors of 156?
2, 3, 13
List the prime factors of 7817.
7817
What are the prime factors of 117553?
19, 23, 269
List the prime factors of 12524.
2, 31, 101
List the prime factors of 142587.
3, 5281
List the prime factors of 902.
2, 11, 41
What are the prime factors of 531?
3, 59
What are the prime factors of 64225?
5, 7, 367
List the prime factors of 45901.
197, 233
What are the prime factors of 17411?
23, 757
What are the prime factors of 3800?
2, 5, 19
What are the prime factors of 616?
2, 7, 11
What are the prime factors of 11434?
2, 5717
List the prime factors of 16816.
2, 1051
What are the prime factors of 491?
491
List the prime factors of 29621.
19, 1559
What are the prime factors of 629?
17, 37
List the prime factors of 1551.
3, 11, 47
What are the prime factors of 68744?
2, 13, 661
What are the prime factors of 3277?
29, 113
List the prime factors of 674.
2, 337
List the prime factors of 25577.
25577
What are the prime factors of 17343?
3, 41, 47
What are the prime factors of 1455?
3, 5, 97
List the prime factors of 1285.
5, 257
List the prime factors of 5773.
23, 251
What are the prime factors of 7239?
3, 19, 127
What are the prime factors of 40465?
5, 8093
What are the prime factors of 25433?
29, 877
List the prime factors of 6755.
5, 7, 193
List the prime factors of 1196.
2, 13, 23
List the prime factors of 7011.
3, 19, 41
List the prime factors of 64480.
2, 5, 13, 31
What are the prime factors of 453?
3, 151
What are the prime factors of 11780?
2, 5, 19, 31
What are the prime factors of 29208?
2, 3, 1217
List the prime factors of 20848.
2, 1303
List the prime factors of 1106.
2, 7, 79
List the prime factors of 133892.
2, 11, 17, 179
List the prime factors of 9467.
9467
What are the prime factors of 439?
439
What are the prime factors of 760?
2, 5, 19
List the prime factors of 1647.
3, 61
List the prime factors of 10034.
2, 29, 173
What are the prime factors of 85104?
2, 3, 197
List the prime factors of 940.
2, 5, 47
List the prime factors of 4687.
43, 109
What are the prime factors of 46065?
3, 5, 37, 83
List the prime factors of 7491.
3, 11, 227
List the prime factors of 5333.
5333
List the prime factors of 2660.
2, 5, 7, 19
What are the prime factors of 28814?
2, 14407
List the prime factors of 22.
2, 11
List the prime factors of 1755.
3, 5, 13
List the prime factors of 59842.
2, 29921
List the prime factors of 60125.
5, 13, 37
What are the prime factors of 48267?
3, 31, 173
List the prime factors of 6730.
2, 5, 673
List the prime factors of 1624.
2, 7, 29
List the prime factors of 10647.
3, 7, 13
List the prime factors of 268.
2, 67
List the prime factors of 29455.
5, 43, 137
What are the prime factors of 1518?
2, 3, 11, 23
List the prime factors of 6743.
11, 613
List the prime factors of 3557.
3557
What are the prime factors of 52678?
2, 26339
List the prime factors of 3575.
5, 11, 13
What are the prime factors of 1136?
2, 71
What are the prime factors of 13026?
2, 3, 13, 167
What are the prime factors of 1757?
7, 251
List the prime factors of 1020.
2, 3, 5, 17
What are the prime factors of 4989?
3, 1663
What are the prime factors of 38379?
3, 11, 1163
What are the prime factors of 1092?
2, 3, 7, 13
What are the prime factors of 4495?
5, 29, 31
What are the prime factors of 11436?
2, 3, 953
What are the prime factors of 13?
13
What are the prime factors of 16456?
2, 11, 17
What are the prime factors of 50490?
2, 3, 5, 11, 17
List the prime factors of 1659.
3, 7, 79
List the prime factors of 5614.
2, 7, 401
List the prime factors of 23858.
2, 79, 151
What are the prime factors of 776?
2, 97
List the prime factors of 6081.
3, 2027
What are the prime factors of 34687?
34687
List the prime factors of 78009.
3, 26003
List the prime factors of 15992.
2, 1999
List the prime factors of 809.
809
What are the prime factors of 41139?
3, 7, 653
What are the prime factors of 2287?
2287
What are the prime factors of 806?
2, 13, 31
List the prime factors of 8613.
3, 11, 29
List the prime factors of 16451.
16451
What are the prime factors of 28464?
2, 3, 593
List the prime factors of 2944.
2, 23
List the prime factors of 1695.
3, 5, 113
What are the prime factors of 23222?
2, 17, 683
List the prime factors of 4520.
2, 5, 113
List the prime factors of 425.
5, 17
What are the prime factors of 1711?
29, 59
What are the prime factors of 1195?
5, 239
What are the prime factors of 73242?
2, 3, 13, 313
What are the prime factors of 2096?
2, 131
List the prime factors of 77.
7, 11
What are the prime factors of 43?
43
List the prime factors of 30453.
3, 10151
What are the prime factors of 3274?
2, 1637
List the prime factors of 1298.
2, 11, 59
List the prime factors 